{"id":45,"date":"2010-10-17T16:02:47","date_gmt":"2010-10-17T14:02:47","guid":{"rendered":"http:\/\/3d-plan.hr\/?page_id=45"},"modified":"2025-05-11T12:19:47","modified_gmt":"2025-05-11T10:19:47","slug":"proba-1","status":"publish","type":"page","link":"https:\/\/3d-plan.hr\/?page_id=45","title":{"rendered":"Investitori"},"content":{"rendered":"<p>Na temelju vi\u0161egodi\u0161njeg iskustva u poslovima vo\u0111enja projekata u rezidualnoj i gospodarstvenoj sferi, 3D PLAN investitorima nudi usluge:<\/p>\n<p><!--more-->&#8211; kompletno upravljanje i nadzor nad tehni\u010dkim i financijskim dijelom investicije (samo za industrijske projekte i gospodarstveno-proizvodne projekte)<\/p>\n<p>&#8211; pomo\u0107i u odre\u0111ivanju investicijskih planova i analizu prostorno-planske dokumentacije (samo za industrijske projekte i gospodarstveno-proizvodne projekte)<\/p>\n<p>&#8211; stru\u010dno savjetovanje<\/p>\n<p>&#8211; analize tro\u0161kova investicije (samo za industrijske projekte i gospodarstveno-proizvodne projekte)<\/p>\n<p>&#8211; pripreme zemlji\u0161ta za investiciju (samo za industrijske projekte i gospodarstveno-proizvodne projekte)<\/p>\n<p>&#8211; izradu projektne dokumentacije i ishodovanje potrebnih dozvola<\/p>\n<p>&#8211; stru\u010dni nadzor nad gra\u0111enjem (samo za industrijske projekte i gospodarstveno-proizvodne projekte)<\/p>\n<p>&#8211; izrade eta\u017enih elaborata i vje\u0161ta\u010denja<\/p>\n<p>&#8211; usluge koordinatora za\u0161tite na radu fazi izrade projekta (koordinator I) i u fazi izvo\u0111enja radova (koordinator II), samo za industrijske projekte i gospodarstveno-proizvodne projekte i samo u slu\u010daju istovremenog ugovaranja poslova stru\u010dnog nadzora<\/p>\n","protected":false},"excerpt":{"rendered":"<p>Na temelju vi\u0161egodi\u0161njeg iskustva u poslovima vo\u0111enja projekata u rezidualnoj i gospodarstvenoj sferi, 3D PLAN investitorima nudi usluge:<\/p>\n","protected":false},"author":1,"featured_media":0,"parent":0,"menu_order":0,"comment_status":"closed","ping_status":"closed","template":"template-fullwidth.php","meta":[],"_links":{"self":[{"href":"https:\/\/3d-plan.hr\/index.php?rest_route=\/wp\/v2\/pages\/45"}],"collection":[{"href":"https:\/\/3d-plan.hr\/index.php?rest_route=\/wp\/v2\/pages"}],"about":[{"href":"https:\/\/3d-plan.hr\/index.php?rest_route=\/wp\/v2\/types\/page"}],"author":[{"embeddable":true,"href":"https:\/\/3d-plan.hr\/index.php?rest_route=\/wp\/v2\/users\/1"}],"replies":[{"embeddable":true,"href":"https:\/\/3d-plan.hr\/index.php?rest_route=%2Fwp%2Fv2%2Fcomments&post=45"}],"version-history":[{"count":31,"href":"https:\/\/3d-plan.hr\/index.php?rest_route=\/wp\/v2\/pages\/45\/revisions"}],"predecessor-version":[{"id":669,"href":"https:\/\/3d-plan.hr\/index.php?rest_route=\/wp\/v2\/pages\/45\/revisions\/669"}],"wp:attachment":[{"href":"https:\/\/3d-plan.hr\/index.php?rest_route=%2Fwp%2Fv2%2Fmedia&parent=45"}],"curies":[{"name":"wp","href":"https:\/\/api.w.org\/{rel}","templated":true}]}}