{"id":139,"date":"2010-10-18T14:56:35","date_gmt":"2010-10-18T12:56:35","guid":{"rendered":"http:\/\/3d-plan.hr\/?page_id=139"},"modified":"2025-05-18T15:09:32","modified_gmt":"2025-05-18T13:09:32","slug":"djelatnost","status":"publish","type":"page","link":"https:\/\/3d-plan.hr\/?page_id=139","title":{"rendered":"Djelatnost"},"content":{"rendered":"<p>3D PLAN d.o.o. tvrtka je koja se bavi projektiranjem, stru\u010dnim nadzorom u gra\u0111evinarstvu i arhitekturi, te konzaltingom (tehni\u010dkim savjetovanjem)<\/p>\n","protected":false},"excerpt":{"rendered":"<p>3D PLAN d.o.o. tvrtka je koja se bavi projektiranjem, stru\u010dnim nadzorom u gra\u0111evinarstvu i arhitekturi, te konzaltingom (tehni\u010dkim savjetovanjem)<\/p>\n","protected":false},"author":1,"featured_media":0,"parent":0,"menu_order":0,"comment_status":"closed","ping_status":"closed","template":"template-fullwidth.php","meta":[],"_links":{"self":[{"href":"https:\/\/3d-plan.hr\/index.php?rest_route=\/wp\/v2\/pages\/139"}],"collection":[{"href":"https:\/\/3d-plan.hr\/index.php?rest_route=\/wp\/v2\/pages"}],"about":[{"href":"https:\/\/3d-plan.hr\/index.php?rest_route=\/wp\/v2\/types\/page"}],"author":[{"embeddable":true,"href":"https:\/\/3d-plan.hr\/index.php?rest_route=\/wp\/v2\/users\/1"}],"replies":[{"embeddable":true,"href":"https:\/\/3d-plan.hr\/index.php?rest_route=%2Fwp%2Fv2%2Fcomments&post=139"}],"version-history":[{"count":7,"href":"https:\/\/3d-plan.hr\/index.php?rest_route=\/wp\/v2\/pages\/139\/revisions"}],"predecessor-version":[{"id":672,"href":"https:\/\/3d-plan.hr\/index.php?rest_route=\/wp\/v2\/pages\/139\/revisions\/672"}],"wp:attachment":[{"href":"https:\/\/3d-plan.hr\/index.php?rest_route=%2Fwp%2Fv2%2Fmedia&parent=139"}],"curies":[{"name":"wp","href":"https:\/\/api.w.org\/{rel}","templated":true}]}}